 12 - -1?
2
Calculate 0 - (-3 + (2 - 0) + 1).
0
What is -7 + (-3 - (-6 + -1))?
-3
Calculate 0 + 11 + 5 + -25.
-9
Calculate -8 - ((0 - -4) + -8).
-4
What is the value of 5 + 4 + -12 + -4 + 11?
4
What is the value of -1 - (-1 + -1 + 0)?
1
(15 - 3) + (-4 - -1)
9
Calculate (-12 - -12) + 14 - 10.
4
What is 8 - (-9 + 11 - -11)?
-5
Calculate (1 - -5) + -3 + -1.
2
What is 4 + (-3 - (-5 - -2) - 3)?
1
Evaluate (-7 - -6) + 1 + -1 + 4.
3
Calculate 0 + 0 - (2 - -4 - 4).
-2
What is 0 + -3 + 3 + -2?
-2
What is the value of -8 + 1 + -2 + 6 - -4?
1
What is the value of 3 + 3 + (-4 + -10 - -4)?
-4
Calculate 3 + -5 - (1 + 2) - -8.
3
What is -7 + -7 + 7 + 4?
-3
-4 - (5 + -7 + -1)
-1
Calculate -4 - (-3 + -1) - (14 + -4).
-10
(-10 - (-7 - 9)) + (-1 - 3)
2
Evaluate (-12 - -1) + 16 + (-14 - 0).
-9
Calculate 2 + (3 - 2) + -20 + 23.
6
What is the value of 1 + 2 + 1 + 0 + -1?
3
8 + -9 + 4 - 1
2
Evaluate -6 - ((5 - 7) + -1).
-3
Evaluate 0 + -1 + 0 + -4.
-5
(4 - 11) + (-3 - (-3 - 8))
1
-2 + (3 - (-5 - -2)) + -2
2
What is 15 + (-7 - 4) + 4 + -1?
7
What is the value of 4 + -2 + 0 + -5 - -3?
0
Calculate (7 - 4) + -1 + -3.
-1
What is the value of (5 + -14 - -11) + -3 + 2?
1
Calculate (0 + 1 - 1) + -2.
-2
What is the value of 2 - 7 - (-7 + 0 - -9)?
-7
Calculate 0 + -1 + (-6 - (-11 + 2)).
2
What is 2 - (-7 - (2 + -5))?
6
Evaluate -3 - (-1 + -5 + -1).
4
3 - (12 + (-6 - 6 - -6))
-3
What is the value of 0 + 4 + -3 + 0 + 2?
3
What is the value of -2 + -2 - (-3 + 3)?
-4
4 + -7 + (-3 - -4)
-2
Evaluate -10 - 0 - (-17 + 12).
-5
What is the value of -17 + -4 + 20 - (0 + -5)?
4
-4 - -3 - (0 + -1 - -4)
-4
What is (-3 - 12 - -23) + -9?
-1
What is -2 + 3 + 3 + -1 + -5?
-2
What is the value of -1 + (5 - (-7 + 19))?
-8
What is the value of (0 - -6) + -1 - 9?
-4
Evaluate (-51 - -44) + (1 - -4).
-2
What is (-6 - -1) + 27 + -9 + -14?
-1
7 + (1 - (4 + 2)) + 1
3
Calculate (-5 - (-11 - -2)) + -4.
0
Evaluate -9 - ((-7 - -12) + -10).
-4
(3 - 1) + (3 - (0 + 6))
-1
Calculate 4 + -4 + (2 + -1 - -1).
2
What is the value of 3 - 0 - (13 + (-9 - 1))?
0
Calculate (12 - (-4 + 6)) + -4.
6
What is the value of -4 - -7 - 3 - 0?
0
What is the value of (0 + 3 - (3 - -4)) + -1?
-5
What is 1 - 3 - (-6 + (13 - 6))?
-3
What is 0 + -4 + -1 + (-35 - -33)?
-7
Evaluate 26 + -19 + (-1 - 0).
6
What is 8 + -30 + 11 - -9?
-2
What is 2 + (-4 - (3 + -4))?
-1
What is the value of -5 - -7 - (7 - 2)?
-3
What is 3 - (-9 + 5 + 2)?
5
Calculate (8 - (-12 - -16)) + -1.
3
What is -4 - -3 - (4 + (1 - 6))?
0
What is -5 - -10 - (2 + 6 + -5)?
2
What is -1 + 4 + 1 + -3?
1
Calculate 8 + -2 + -5 + -3.
-2
What is the value of (-2 - 1) + 2 + -1 - -4?
2
(-3 - (-2 - -2 - -5)) + 7
-1
0 + (5 - (-1 - -10))
-4
Evaluate (-4 - (1 - 7)) + 2.
4
Calculate (11 - (-5 - -8)) + -7.
1
What is the value of 2 - (3 + -1 - 4)?
4
Evaluate (11 - 8) + -23 + 12.
-8
-1 - 1 - (-1 - 0)
-1
-1 + 5 + -9 + 9 + 4
8
Evaluate 3 + -5 - (-2 + 4).
-4
1 - (-4 - -5 - -1)
-1
-8 - (1 + 2) - -8
-3
Calculate -2 + 4 + -5 + 2 + 5.
4
Evaluate (0 + 4 - 0) + -2 + 0.
2
What is the value of -7 + (-4 - -12) + -7?
-6
What is (-6 - -11) + -2 - -5?
8
What is (-5 - 0) + 1 - -1?
-3
What is 0 + 5 + 5 + -3 + -1?
6
What is the value of 4 + 0 + (4 - (1 + 7))?
0
Calculate (-127 - -132) + (-9 - -1).
-3
What is the value of 5 + -6 + -3 + 5 + 0?
1
Calculate (5 - (11 - 5)) + 5 + -5.
-1
Evaluate -34 + 29 - (-1 + 1).
-5
What is the value of (11 - (0 + 6)) + -3?
2
-2 + 17 + -6 + (0 - 5)
4
What is the value of -4 + (-4 - (-1 + 0 + -3))?
-4
What is the value of 5 - (-2 + 4 + 7)?
-4
(2 - 0) + (1 - 6) - 2
-5
What is the value of 9 - (4 + (6 - (-7 - -9)))?
1
What is -4 + 1 + -6 + 11?
2
2 - 2 - 0 - -1
1
9 - 1 - (12 - -4 - 10)
2
1 + 1 + 0 - -2
4
What is -12 + 16 + -9 + 3 + 0?
-2
Calculate -13 - (8 + -33) - 10.
2
What is the value of 1 - 7 - (-13 + 8)?
-1
What is the value of 1 + -2 - (-51 + 49)?
1
What is the value of (-6 - -1) + (4 - 5) - -8?
2
Calculate (-3 - -5) + -22 + 18.
-2
What is the value of -3 + -1 - -1 - (19 - 14)?
-8
Calculate (1 - -3) + (-2 - (5 - 1)).
-2
-3 - (10 + -7) - 0
-6
Calculate (0 - 1) + 0 + (0 - -2).
1
What is (7 - 1) + (-54 - -46)?
-2
0 - 2 - (-2 - 3)
3
Evaluate 0 + 1 + (10 - 2) + -4.
5
What is -2 + (8 - (2 - 0))?
4
-1 + (-7 - -5) - (0 + -5)
2
What is the value of -5 - (-17 - -7) - (4 - -1)?
0
Calculate -1 + 0 + 1 + 4.
4
Evaluate -5 + (-2 - (-12 + 11)).
-6
Calculate -11 - (-9 + 13 + -15).
0
8 - (7 - (1 - -1))
3
Calculate -5 + (-3 - (-14 - -4)) - 0.
2
Calculate 1 + 2 - -1 - 5 - -8.
7
-8 - (-14 - (-7 - -5))
4
What is -4 - -1 - 1 - (-3 + 1)?
-2
What is the value of -1 + -1 - (-2 - 3 - -7)?
-4
What is 46 - 51 - (-2 + -9)?
6
-2 + (5 - 1) - 7
-5
Evaluate -5 + 0 - (32 + -41).
4
Evaluate 0 + -3 - (3 - 6).
0
Calculate (-5 - (-7 + -1)) + (-2 - -1).
2
Evaluate (3 - (-4 - -4)) + -6.
-3
What is 18 + -7 + -5 + -2?
4
-158 + 163 - (11 - (1 + -2))
-7
What is the value of 2 + (1 - 1) + -1?
1
1 + 0 - -2 - (-29 - -28)
4
-4 + 0 + 1 + (1 - -3)
1
What is -8 + (-9 - -15) + 4?
2
Calculate (-6 - -6) + (0 - 4).
-4
-4 - (-9 + 0 + -1)
6
Calculate -4 + 5 - (-3 - 1).
5
What is -8 + 1 - -4 - -6 - 7?
-4
What is the value of 1 + -6 - (1 - 5)?
-1
Evaluate -3 - 1 - (3 + (-8 - -2)).
-1
What is the value of 14 + (0 - 2) + -3?
9
Calculate (-7 - -15) + -11 - (-5 - 0).
2
What is -5 - -5 - 5 - -5?
0
What is 17 - 11 - (0 - -1)?
5
Calculate (-2 - (4 - 2)) + 0.
-4
-1 + 2 + 6 + 10 + -12
5
Evaluate -8 - -9 - (2 - -2).
-3
Calculate -12 - (0 - (21 - 3)).
6
Calculate 18 - 8 - 7 - 3 - -9.
9
Evaluate (-3 - (4 + -3)) + (7 - 2).
1
Evaluate -5 + 3 + 2 + -5 + -2.
-7
What is the value of 6 - 7 - (-5 + (2 - 2))?
4
What is the value of (1 - 7) + (41 - 36)?
-1
What is the value of 3 - ((13 - 10) + -1)?
1
(4 - 21) + (8 - -3)
-6
Evaluate (5 - (16 - -1)) + 6.
-6
Calculate -6 - (-3 + 5 + -9).
1
Evaluate (1 + 5 - 10 - -3) + -1.
-2
Evaluate -8 + 4 - 1 - 3.
-8
-7 - (0 - 0 - 3)
-4
Calculate (10 - 0) + (-15 - -9).
4
Calculate 3 + 0 + -5 + -3.
-5
What is the value of -15 - (-10 + 0) - 3?
-8
(-2 - (-3 + 1)) + 3
3
What is the value of -3 + 7 + -4 + 4?
4
Calculate 3 + (4 - 2) + -5.
0
Calculate -1 + 7 + -3 + 2.
5
What is the value of 58 + -54 - ((1 - 3) + 2)?
4
4 + (-7 + 2 - (-10 - -4))
5
Calculate -1 + (-3 - 0) - 0.
-4
Calculate -1 + (6 - -2) - (0 - -3).
4
Evaluate 3 - (-4 + 6) - 1.
0
What is (-7 - 2) + (-10 - (10 - 26))?
-3
Evaluate 0 - (2 + 2) - -3.
-1
What is the value of (-4 - -3 - (-9 - -4)) + -2?
2
-21 + 28 + 1 + (3 - 4)
7
Evaluate -10 + 1 + 0 - -4 - 0.
-5
What is 3 - (-3 - -7) - -4?
3
What is -10 - (-6 + -13 + 9)?
0
6 + 6 + -9 + -9
-6
What is -5 + -4 - (-3 - 1)?
-5
What is -1 + (-1 - 2 - 1)?
-5
What is the value of 0 + -5 + -4 + (5 - 1)?
-5
(0 - (2 + 9)) + (-6 - -8)
-9
-1 + 10 + (0 - 11)
-2
Calculate -9 - (-8 - -14 - 7).
-8
What is the value of -2 + (8 - 1) + 0?
5
What is the value of 6 - (10 + (-12 - -1))?
7
-1 - (2 + -5) - (1 + -4)
5
What is -3 + -1 + 2 + 1?
-1
What is -1 - (-2 - -3 - (-16 - -12))?
-6
Evaluate -4 - -9 - 6 - 2.
-3
What is 5 + (4 - 5) + -7 + 0?
-3
7 - -1 - (2 - -1)
5
Evaluate 1 + -5 - -1 - (-3 - 3).
3
What is the value of -2 + (3 - (-1 - 3))?
5
What is the value of -6 - (5 + -5 + -2 + -3)?
-1
Evaluate -4 - (2 - (9 + -3)).
0
Evaluate 8 - ((1 - 2) + 15).
-6
Evaluate -2 + -1 + (1 - (-2 + 2)).
-2
Evaluate 1 - (4 - (3 + (2 - 7))).
-5
Calculate -2 - (13 - 18 - 5).
8
Calculate 84 - 73 - (5 - 1).
7
(-7 - -5) + 2 + -3
-3
0 + -8 - (-7 + -4)
3
What is the value of 7 + (-6 - 3) + (1 - 3)?
-4
Calculate 0 - ((0 - (2 - -3)) + 4).
1
3 + 6 + -11 - 4 - -2
-4
Calculate 4 + -8 - (2 + -5 - -3).
-4
Calculate (-7 - (-6 + 6)) + 7.
0
What is 0 + 3 + -3 + 4 + 2?
6
-7 + (12 - 3) + (-2 - 2)
-2
Evaluate -1 + 0 + (-3 - -4).
0
What is the value of 3 + (1 - -3 - 5) + -2?
0
Evaluate 5 + 2 + (-2 - 3) + -1.
1
What is 5 - 7 - 2 - (1 + -6)?
1
-2 - -2 - (14 + (-9 - 3))
-2
What is (-11 - (-19 + 9)) + (-1 - -10)?
8
Calculate (0 - 3) + (-4 - -18 - 9).
2
What is (1 + 1 - -1 - 11) + 3?
-5
Evaluate 5 + 5 + -3 + (-3 - -2).
6
Calculate 53 + -60 - (-7 - -1).
-1
What is 0 + 1 + -3 + 0?
-2
Calculate (3 - 3) + 4 + -1 + -5.
-2
Evaluate 0 + 11 + -3 + -2 + -2.
4
What is the value of 1 + 0 + -1 + 3?
3
Evaluate 6 + -10 + 4 + 5.
5
What is -7 + -5 + (4 - -5)?
-3
Evaluate (-1 + -1 - -6) + 12 + -19.
-3
-4 + 0 + 0 + 4 - 5
-5
What is the value of 5 - (3 - 6) - 10?
-2
Evaluate 16 - 20 - (2 + -9 - -1